e factors of v?
5, 7, 11
Let z = 98 + -56. List the prime factors of z.
2, 3, 7
Suppose 0*h + 15 = -3*h. Let k be ((-10)/4)/h*4. Suppose 2*x - 10 = k. List the prime factors of x.
2, 3
Let d be 4 - (6/(-2) - -6). Let l(f) = 4*f**3 + 7*f - 1. Let k(n) = -5*n**3 - 6*n + 1. Let i(a) = -6*k(a) - 5*l(a). What are the prime factors of i(d)?
2, 5
Suppose -2*v + 24 = -26. Suppose -v = -x + 26. What are the prime factors of x?
3, 17
Suppose -3*u + 374 = n, 500 = 4*u + 4*n - 2*n. Suppose -u = -i - 3*i. What are the prime factors of i?
31
Suppose -175 = -5*q + 40. What are the prime factors of q?
43
What are the prime factors of (128 - -25)/(1 + 0)?
3, 17
Let b(w) = -5*w + 5 - 3 - 2 - 2. What are the prime factors of b(-5)?
23
Let u(c) = -c**2 + 10*c - 7. Let p be u(9). Suppose -p*i + 44 = -0*i. Suppose -i = -3*k + v, -v - 2 = k + v. What are the prime factors of k?
2, 3
Let k(z) = -z**3 + 8*z**2 + 5*z + 9. Let b be k(7). Suppose 0 = 5*l - b - 157. What are the prime factors of l?
2, 5
What are the prime factors of (-5 + 4)/(2/(-72))?
2, 3
Let j be -2 + 1/(-2)*-14. Suppose -j*y + 61 = -3*t, 3*y - 2*y - t - 11 = 0. Let p = 32 - y. List the prime factors of p.
2, 3
Let d be (28 - 4/(-4))/1. Suppose d = 5*z + y - 68, -3*z + 63 = 3*y. What are the prime factors of z?
19
Let f be (-9)/((-5)/(10/(-3))). Let w = 15 + f. What are the prime factors of w?
3
Let c(z) = 2*z**2 + 4*z + 1. List the prime factors of c(-4).
17
Suppose 2*h + 5*j - 86 = 0, 0 = -0*h + 2*h - 5*j - 86. List the prime factors of h.
43
Let m(x) = -x**2 - 7*x + 2. Let q be m(-6). Let d(p) = p**2 - 6*p - 5. What are the prime factors of d(q)?
11
Let r be 0 + 1 - 0 - 0. Suppose 2*x + r = 25. List the prime factors of x.
2, 3
Let o be (4/(-6))/(16/(-72)). Suppose 2*p = -o*p - 2*j + 23, 2*p + 5*j = 26. What are the prime factors of p?
3
Let g = 12 - 18. List the prime factors of 4/16*g*-24.
2, 3
Let b(i) = -35*i + 2. List the prime factors of b(-1).
37
Let y(a) = -a + 13. Let v be y(7). Suppose 4*u - 34 - v = 0. What are the prime factors of u?
2, 5
List the prime factors of 27/2*16/8.
3
Let j be (4/(-8))/(1/(-20)). Let h = 21 - j. List the prime factors of h.
11
Let s(h) = 3*h + 14. Let n be s(-6). List the prime factors of n/6 - (-160)/6.
2, 13
Suppose 9 = 3*j - 6. Suppose -l = 3*t - 5*t, 0 = 4*l - j*t - 12. What are the prime factors of l?
2
Let x be -1 - (-1 + 0)*2. Let j be 6/((-6)/(-2) - x). List the prime factors of 6 + (j - (0 + 1)).
2
Let w = 57 + -31. List the prime factors of w.
2, 13
Let l(u) = 22*u + 5. What are the prime factors of l(2)?
7
Suppose 39 = -2*q + 43. Let r be (0 - 3)*2/2. What are the prime factors of 4*r*q/(-6)?
2
Suppose -5*l + 16 = 2*z, 2*z + 0 = -2*l + 4. Let p(v) = -2*v**2 + 2*v - 1. Let f(y) = y - 1. Let i(c) = -5*f(c) - p(c). List the prime factors of i(l).
2, 5
Let d(n) = 12*n - 2. Suppose 2*q - 2 = -0. Suppose 7 = 3*u + q. What are the prime factors of d(u)?
2, 11
Let d be (-4 - 1) + (-1)/1. Let x be (1 - 3)*(11 - 3). Let u = d - x. List the prime factors of u.
2, 5
Let c(o) = -5*o**3 + o. Let q = 6 + -2. Let v(p) = p - 5. Let h be v(q). What are the prime factors of c(h)?
2
Let d(t) = -t + 4. Let k be d(0). Suppose l = k*o - 40, -3*o - 4*l + 11 = -0*l. Suppose -o*q + 4*q + 45 = 0. What are the prime factors of q?
3
Let s = -2 - -20. List the prime factors of s.
2, 3
Suppose -k - 4*h + 2*h = 7, -4*k - 28 = -h. Let a(g) be the second derivative of -g**4/12 - 3*g**3/2 - 5*g**2/2 - g. List the prime factors of a(k).
3
Let w = -14 + 15. Let n = 21 - w. List the prime factors of n.
2, 5
Let m(c) = -2*c - 12. List the prime factors of m(-13).
2, 7
Suppose 0*t = 2*c + t - 36, -2*c + 4*t = -16. What are the prime factors of c?
2
Suppose 2*w + 9 = 27. Let y(t) = t + 19. List the prime factors of y(w).
2, 7
Suppose -4*d - 4 = b, 2*b - 22 = -3*b + d. Suppose -b*n - 15 = -83. List the prime factors of n.
17
Suppose s + 9 = 5*t + 49, -s + 46 = t. What are the prime factors of s?
3, 5
Suppose 54*z - 55*z + 46 = 0. List the prime factors of z.
2, 23
Suppose 4*j - 140 = -4*g, -3*j + 8*j + 11 = g. What are the prime factors of g?
31
Let h = 28 - 21. List the prime factors of h.
7
Suppose y = -2*q + 55, 4*y - 17 = 4*q + 203. What are the prime factors of y?
5, 11
Suppose -3*v = v + 4*u - 176, -2*v - 3*u + 87 = 0. What are the prime factors of v?
3, 5
Suppose 0 = -4*k + 8. What are the prime factors of 93/12 + k/8?
2
Let t(q) = -q**3 + 14*q**2 + 16*q - 10. Let r be t(15). Suppose b + 4 = 2*n - 42, r*b - 100 = -5*n. What are the prime factors of n?
2, 11
Let b(z) = z**2 - z + 176. Let d be b(0). Suppose 8*s = 4*s + d. Suppose 0*u + u + 2*o = 18, 0 = -3*u - 4*o + s. What are the prime factors of u?
2
Let y(x) be the second derivative of x**4/12 - 11*x**3/6 + 2*x**2 - 2*x. Let g be y(11). Suppose -46 = -3*f - g. What are the prime factors of f?
2, 7
Let p be 0/3 + 3 + 0. Let v be 3/(4/(44/p)). Let k = v - -1. List the prime factors of k.
2, 3
Let a be ((0 - -1)*-6)/1. List the prime factors of (1*a)/((-2)/7).
3, 7
Let x(w) = 2 + 5*w + 1 - 2. List the prime factors of x(1).
2, 3
Let r be 1*0/(2 - -1). Let h = r - -8. What are the prime factors of h?
2
Let n(t) = t**2 + 5*t + 2. Let g be n(-5). Let v = 2 + g. List the prime factors of v.
2
Let c = -5 + 8. Suppose -2*d + 0 = 4*q - 18, -27 = -c*d + 5*q. List the prime factors of 3*(-2 + 30/d).
2
Suppose 5*r + 2 = 4*m - 13, -r + 45 = 4*m. List the prime factors of 72*(3 - m/4).
2, 3
Suppose 41 = -4*u + 3*j - 23, -60 = 4*u - 2*j. Let s = u - -35. What are the prime factors of s?
2, 11
Suppose -3*a = -0*t + 3*t - 9, 3*a + 4*t = 9. Let x be (-2)/a - (-20)/3. Suppose v - x = 1. List the prime factors of v.
7
Suppose -4*v + 42 = -5*n, n + 9 - 39 = -4*v. Let i be v/(-20)*(-5)/2. What are the prime factors of 4 + -2 + i + 1?
2
Suppose -321 = -3*f - 3*g, -2*g = 5*f - 6*g - 490. List the prime factors of f.
2, 3, 17
Suppose -d = -3*q + 71, -4*d = q - 3 + 1. List the prime factors of q.
2, 11
Suppose z - 163 = -4*d, -114 - 111 = -5*d + 3*z. What are the prime factors of d?
2, 3, 7
Suppose 10*p + 14 = 2304. List the prime factors of p.
229
Let o = 5 + 0. Suppose -62 = f - 6*f + 2*d, -f - o*d + 34 = 0. What are the prime factors of f?
2, 7
Let c = -356 - -531. List the prime factors of c.
5, 7
Let l(s) be the second derivative of -s**5/20 + 11*s**4/12 - 7*s**3/6 + 11*s**2/2 - 6*s. List the prime factors of l(10).
41
Suppose -7*d - 48 = -6*d. What are the prime factors of (-268)/(-10) - d/(-60)?
2, 13
Let y = 8 - 6. Suppose 2*o - r = -2*r + 51, -3*r = y*o - 45. Suppose o = p + 2*p. List the prime factors of p.
3
Let f(p) = p**2 - 9*p + 2. What are the prime factors of f(11)?
2, 3
Suppose 0 = -5*q - 2*b + 92, q = 5*q + 5*b - 60. List the prime factors of q.
2, 5
Suppose 3*b - 8*b + 40 = 0. Suppose -3*q = -3*m + 18, -3*q - b = -2*m - 0*q. List the prime factors of m.
2, 5
Let f = 22 + -17. Suppose 0 = 2*d - 3*v - 41, f*d - 4*v = -2*v + 108. What are the prime factors of d?
2, 11
Let l(p) = -p + 1 + 6 - 1. What are the prime factors of l(-10)?
2
Let r = 31 - 11. List the prime factors of r.
2, 5
Let b = 140 + -81. List the prime factors of b.
59
Suppose -2*o + o = -3, -15 = 3*w - 2*o. List the prime factors of (-54)/w + 0 + 1.
19
Suppose g + 4*j - 87 = 0, -2*g - 3*j = -6*j - 141. Suppose -40 = -5*c + g. Let x = -5 + c. List the prime factors of x.
2, 3
Let v be 2 + -2 + (2 - 1). Suppose 2*u = -u + 5*s - 12, -2*u + 3*s - 7 = 0. What are the prime factors of 3 - u - (-2 - v)?
5
Let t(v) = 10*v - 1. Let g(z) = z + 3*z - 5*z. Let r be g(-1). List the prime factors of t(r).
3
What are the prime factors of (-76)/(-57) + (-250)/(-6)?
43
Suppose 5*f = -0*f + 110. What are the prime factors of f?
2, 11
Suppose -1 + 2 = -n. Let t be 0 + -1 + (-10)/n. What are the prime factors of (-2 - 1)*(-12)/t?
2
What are the prime factors of -2 + (12 - (-2)/(-2))?
3
Suppose 2*w - 4*f = 112, -5*w - 2*f = -258 + 14. Let g = -47 + 69. Suppose g + w = 4*z. What are the prime factors of z?
2, 3
Let i = -2 - -4. Suppose 3*j = -i*j + g + 230, 0 = -4*g - 20. Let b = -30 + j. List the prime factors of b.
3, 5
Let v(z) = z**3 - 12*z**2 + 3*z - 25. What are the prime factors of v(12)?
11
Let o(h) = -h + 6. What are the prime factors of o(-3)?
3
Suppose 0 = l + 2*n - 43, 4*l + n = -4*